846?
8
What is the hundreds digit of 10930296?
2
What is the units digit of 483037?
7
What is the hundred thousands digit of 218457?
2
What is the hundred thousands digit of 1517606?
5
What is the millions digit of 1309128?
1
What is the thousands digit of 677374?
7
What is the hundreds digit of 125281?
2
What is the tens digit of 3632233?
3
What is the tens digit of 4501128?
2
What is the thousands digit of 2899896?
9
What is the units digit of 132625?
5
What is the units digit of 32914?
4
What is the thousands digit of 207750?
7
What is the tens digit of 520880?
8
What is the units digit of 478716?
6
What is the millions digit of 4121167?
4
What is the ten thousands digit of 285816?
8
What is the tens digit of 193364?
6
What is the tens digit of 5492987?
8
What is the hundred thousands digit of 14417920?
4
What is the hundreds digit of 16158298?
2
What is the units digit of 363194?
4
What is the units digit of 484418?
8
What is the hundred thousands digit of 303878?
3
What is the millions digit of 1004933?
1
What is the units digit of 2926093?
3
What is the units digit of 3098574?
4
What is the millions digit of 7787085?
7
What is the ten thousands digit of 8524473?
2
What is the tens digit of 2211312?
1
What is the hundreds digit of 633123?
1
What is the ten thousands digit of 1282455?
8
What is the hundreds digit of 2429035?
0
What is the units digit of 1006466?
6
What is the tens digit of 95429?
2
What is the units digit of 7179398?
8
What is the millions digit of 1238329?
1
What is the ten thousands digit of 38059899?
5
What is the tens digit of 5591667?
6
What is the hundreds digit of 2479123?
1
What is the thousands digit of 1667551?
7
What is the units digit of 10995067?
7
What is the ten thousands digit of 1827920?
2
What is the hundreds digit of 3184960?
9
What is the ten thousands digit of 10491838?
9
What is the hundred thousands digit of 271306?
2
What is the thousands digit of 53511?
3
What is the hundreds digit of 13987574?
5
What is the hundreds digit of 587571?
5
What is the hundreds digit of 4701927?
9
What is the hundred thousands digit of 260152?
2
What is the hundred thousands digit of 6226882?
2
What is the thousands digit of 405360?
5
What is the thousands digit of 11995457?
5
What is the hundred thousands digit of 16785416?
7
What is the hundreds digit of 2309891?
8
What is the ten thousands digit of 766708?
6
What is the tens digit of 1091603?
0
What is the ten thousands digit of 508169?
0
What is the thousands digit of 16375770?
5
What is the ten thousands digit of 504397?
0
What is the hundreds digit of 227892?
8
What is the ten thousands digit of 2137128?
3
What is the millions digit of 5643189?
5
What is the ten thousands digit of 74347?
7
What is the hundreds digit of 3175297?
2
What is the hundreds digit of 3777423?
4
What is the units digit of 310558?
8
What is the hundred thousands digit of 9513724?
5
What is the hundred thousands digit of 34489748?
4
What is the tens digit of 2996632?
3
What is the thousands digit of 21206165?
6
What is the ten thousands digit of 565588?
6
What is the ten thousands digit of 24177?
2
What is the ten thousands digit of 401239?
0
What is the thousands digit of 15924435?
4
What is the ten thousands digit of 9857589?
5
What is the units digit of 9248870?
0
What is the ten thousands digit of 45318?
4
What is the units digit of 539207?
7
What is the tens digit of 27337372?
7
What is the hundred thousands digit of 1191048?
1
What is the ten thousands digit of 4409177?
0
What is the hundred thousands digit of 414675?
4
What is the thousands digit of 11063191?
3
What is the ten thousands digit of 4813811?
1
What is the hundred thousands digit of 601559?
6
What is the ten thousands digit of 72202?
7
What is the millions digit of 6991393?
6
What is the units digit of 2273?
3
What is the hundreds digit of 5241117?
1
What is the hundreds digit of 7541227?
2
What is the ten thousands digit of 410183?
1
What is the hundred thousands digit of 1646964?
6
What is the millions digit of 1201975?
1
What is the tens digit of 8180004?
0
What is the millions digit of 5848737?
5
What is the hundred thousands digit of 483244?
4
What is the thousands digit of 72260?
2
What is the thousands digit of 160295?
0
What is the units digit of 72462?
2
What is the thousands digit of 398677?
8
What is the tens digit of 443278?
7
What is the tens digit of 444715?
1
What is the tens digit of 204558?
5
What is the hundred thousands digit of 709095?
7
What is the millions digit of 2274247?
2
What is the ten thousands digit of 628097?
2
What is the ten thousands digit of 81928?
8
What is the thousands digit of 496918?
6
What is the ten millions digit of 20767054?
2
What is the tens digit of 47497?
9
What is the units digit of 41598881?
1
What is the thousands digit of 540925?
0
What is the ten thousands digit of 159269?
5
What is the ten thousands digit of 15887283?
8
What is the ten thousands digit of 375357?
7
What is the tens digit of 220133?
3
What is the ten thousands digit of 3740313?
4
What is the thousands digit of 196987?
6
What is the tens digit of 5813268?
6
What is the thousands digit of 18207?
8
What is the thousands digit of 20862756?
2
What is the units digit of 925146?
6
What is the thousands digit of 6033492?
3
What is the ten thousands digit of 8184963?
8
What is the hundred thousands digit of 799116?
7
What is the thousands digit of 7922281?
2
What is the ten thousands digit of 30223135?
2
What is the millions digit of 1780980?
1
What is the hundreds digit of 5180601?
6
What is the units digit of 456648?
8
What is the ten thousands digit of 577756?
7
What is the tens digit of 531402?
0
What is the hundred thousands digit of 27968495?
9
What is the units digit of 2344470?
0
What is the millions digit of 3060454?
3
What is the units digit of 27811?
1
What is the tens digit of 181230?
3
What is the hundreds digit of 118764?
7
What is the millions digit of 3362016?
3
What is the hundreds digit of 569107?
1
What is the thousands digit of 6927182?
7
What is the tens digit of 47936?
3
What is the ten thousands digit of 257403?
5
What is the hundred thousands digit of 506134?
5
What is the millions digit of 2217242?
2
What is the hundreds digit of 2432998?
9
What is the units digit of 229826?
6
What is the hundred thousands digit of 119127?
1
What is the ten thousands digit of 494897?
9
What is the ten thousands digit of 152983?
5
What is the thousands digit of 15422?
5
What is the thousands digit of 98192?
8
What is the hundreds digit of 5548243?
2
What is the ten thousands digit of 231417?
3
What is the tens digit of 1760996?
9
What is the hundreds digit of 116021?
0
What is the thousands digit of 3154977?
4
What is the hundred thousands digit of 4675817?
6
What is the hundreds digit of 571030?
0
What is the hundred thousands digit of 166641?
1
What is the ten millions digit of 11519464?
1
What is the ten thousands digit of 2438185?
3
What is the hundreds digit of 292196?
1
What is the units digit of 6015628?
8
What is the thousands digit of 724582?
4
What is the hundreds digit of 2060567?
5
What is the hundreds digit of 18543601?
6
What is the hundred thousands digit of 1743257?
7
What is the ten thousands digit of 18724465?
2
What is the ten thousands digit of 63633?
6
What is the hundred thousands digit of 15624429?
6
What is the hundreds digit of 2322093?
0
What is the hundred thousands digit of 4322536?
3
What is the ten thousands digit of 6688226?
8
What is the thousands digit of 154295?
4
What is the units digit of 36898?
8
What is the ten thousands digit of 221821?
2
What is the units digit of 485743?
3
What is the millions digit of 1550201?
1
What is the thousands digit of 189363?
9
What is the tens digit of 174799?
9
What is the hundred thousands digit of 705204?
7
What is the units digit of 347822?
2
What is the hundred thousands digit of 2944240?
9
What is the units digit of 2392693?
3
What is the ten thousands digit of 762232?
6
What is the hundreds digit of 263415?
4
What is the ten millions digit of 24160628?
2
What is the hundred thousands digit of 21386467?
3
What is the hundreds digit of 827327?
3
What is the hundreds digit of 1155723?
7
What is the hundreds digit of 151341?
3
What 